o(x) = -x**2 + 8*x - 8. Suppose -3*z + 2*b - 15 = -b, -4*z - 21 = -3*b. Let q(r) = -r**3 - 8*r**2 - 15*r - 11. Let p be q(z). Calculate o(p).
-1
Let p(b) be the third derivative of -b**5/120 + b**4/24 - 4*b**3/3 + 46*b**2. Let z(v) be the first derivative of p(v). Calculate z(5).
-4
Suppose 0 = 5*a - 5*r + 15, -4*r + 5*r = 2*a + 6. Let x = 2 - a. Let c(p) = 4 - 2*p - 2*p + 3 - 4*p**2 - 3*p + p**3. Calculate c(x).
-3
Suppose 40 - 32 = -p. Let x(r) = r**2 + 7*r - 11. What is x(p)?
-3
Let i(u) = -4*u**2 + 18*u + 2. Let z(d) = 5*d**2 - 24*d - 3. Let y(o) = 6*i(o) + 5*z(o). Give y(12).
-3
Let q be 10/(-48) - 11/(-44). Let c(u) be the third derivative of q*u**4 + 0*u - 1/2*u**3 + u**2 + 0. Give c(0).
-3
Suppose 247*z = 220*z - 54. Let y(j) be the first derivative of 2*j**3/3 - j**2 + j - 1. Calculate y(z).
13
Let h = 526 + -534. Let o(d) = -d**3 - 8*d**2 + 4*d + 16. What is o(h)?
-16
Let p = 25 + -20. Let d be ((-12)/15)/(2/(-5)). Let f(l) = -l - 5*l**d + l**3 + l + 3 + 4. What is f(p)?
7
Let d(w) = 3*w - 17. Suppose -k - 250 = -253. Determine d(k).
-8
Let d = 426 + -419. Let g(h) = -h**2 + 10*h - 19. Determine g(d).
2
Let p(y) be the second derivative of y**3/6 - 8*y**2 - 78*y. What is p(7)?
-9
Let n(f) = 10*f**3 + 12*f**2 + 1. Let i(d) = 11*d**3 + 15*d**2 + d + 1. Let u(l) = 3*i(l) - 4*n(l). Determine u(1).
-8
Let g(q) be the second derivative of -7/10*q**5 - 1/12*q**4 + 0 - 1/2*q**2 - 1/6*q**3 + 17*q. Calculate g(-1).
13
Let b(o) = o**2 + 3*o + 1. Let x(m) be the first derivative of -m**4/4 + m**3/3 + m**2/2 - m - 3. Let p be x(2). Determine b(p).
1
Let m be 19/(-7) - (-2)/(-7). Let t(n) = -n**3 - 3*n**2 + n + 2. What is t(m)?
-1
Let v(u) = -10*u + 694. Let i be v(70). Let r(y) = y - 3. Give r(i).
-9
Let r = 55 + -54. Suppose -4*u = 2*n + 2, 3*n + r = u + 5. Let k(t) = -5*t - 1. Determine k(n).
-6
Let u(v) = -2*v - 7. Let r(x) = -14*x + 92. Let f be r(7). Give u(f).
5
Let x(i) be the first derivative of i**4/4 - 5*i**3/3 - i**2 - 2*i - 150. Determine x(4).
-26
Let t(q) be the third derivative of -3*q**4/4 + q**3/6 + 27*q**2 - 1. What is t(-1)?
19
Let m(c) = -c + 1. Let q be (9/18 + -1)/((-2)/44). What is m(q)?
-10
Let a(m) = -227*m + 6*m**2 - 2*m**2 + 223*m. Calculate a(4).
48
Let u(k) be the second derivative of k**7/840 + k**6/90 - 7*k**5/120 - k**4/12 - 5*k**3/2 - k. Let r(l) be the second derivative of u(l). Calculate r(-5).
8
Suppose -24 = -2*i + 5*s, -3 = 5*i + 4*s + 3. Let k(d) = -2*d**2 - 11*d - 17*d + 29*d + i. Give k(2).
-4
Suppose -5*y - 25 = -0*y. Let z = y - 1. Let k(a) = -4*a + a**2 + 5*a + 4*a. Determine k(z).
6
Let k(p) = p**3 + 7*p**2 + 4*p + 4. Suppose -4*t + 161 = -27*t. Give k(t).
-24
Suppose -2*a + 4 = -4*z, 3*z + 3*a - 4 = 8*z. Let u = z + 5. Let l(s) = -7*s**2 - 2*s + 7. Let r(c) = -c**2 - c + 1. Let k(h) = -l(h) + 5*r(h). Determine k(u).
7
Let b(g) = 3*g + 2. Suppose 8*a - 7*a = 3. Suppose 8*x = a*x + 15. Suppose 0*p = p - x. Determine b(p).
11
Let x(a) be the second derivative of -a**3/3 - 25*a**2/2 - 77*a. Determine x(-13).
1
Let c = -25 - -39. Let k be 7/c - (-18)/4. Let z(b) = 2*b - 7. Determine z(k).
3
Let o(t) = 3*t**2 - 4*t - 21. Let a(m) = 2*m**2 - 2*m - 12. Let b(z) = -5*a(z) + 3*o(z). Suppose 2*n + 10 = -p - 2*n, -6 = p + 2*n. Give b(p).
-3
Let f(u) = -3*u - 8 + u + 3*u. Let i be 315/18*((-24)/(-14))/3. Let b be f(i). Let w(k) = -2*k + 2. Determine w(b).
-2
Let j(a) = -a. Let k(w) = -w. Suppose -2*g - 10 = 0, c = -g - 2 + 1. Let u(q) = c*k(q) - 6*j(q). What is u(-2)?
-4
Let b(p) = -3*p**3 + 12*p**2 + 15*p + 12. Let w(r) = -8*r**3 + 36*r**2 + 44*r + 35. Let a(x) = -11*b(x) + 4*w(x). Give a(-11).
8
Let o(y) be the first derivative of y**5/60 + y**4/8 - y**3/2 - 11*y**2/2 - 10. Let h(v) be the second derivative of o(v). What is h(2)?
7
Let w(n) = -n + 10. Let h(z) = -z + 9. Let c(f) = 4*h(f) - 3*w(f). Let l = -14 - -10. Let v be 0/(l/(-4)*-2). Calculate c(v).
6
Let v(o) = -13*o - 3. Let j(i) = 4*i + 1. Let l(d) = 11*j(d) + 4*v(d). Give l(-4).
31
Let s(n) = n**2 + 6*n. Suppose 3*j + 14 = 4*b - 11, -4*j + 4 = 4*b. Let w(u) = 4*u + 4. Let i be w(-3). Let g = i - j. Determine s(g).
-5
Let l(f) be the third derivative of f**6/120 - f**5/10 - f**4/3 + 2*f**3/3 + 6*f**2. Suppose 35 - 21 = 2*g. Give l(g).
-3
Let n = 8/93 + 18/31. Let g(o) be the second derivative of -n*o**4 - 2*o + 0*o**3 + 0 + 1/2*o**2. Calculate g(1).
-7
Let k(g) be the first derivative of -5*g**2 - 1/3*g**3 - 6*g - 13. Determine k(-9).
3
Let z be ((-1)/(-2))/(2/12). Let g be (-24)/z*(-6)/(-8). Let k(m) be the third derivative of m**6/120 + 7*m**5/60 + m**4/4 + m**3 + m**2 - 32. What is k(g)?
6
Suppose 4*y + 4*t - 20 = 0, -2*t + 0*t = -4*y + 14. Let j(i) = 4 - i - i + y*i. What is j(-3)?
-2
Let f = 8695 + -8705. Let g(s) = s**3 + 9*s**2 - 2*s - 4*s + 8 - 4*s. Determine g(f).
8
Let s(p) be the second derivative of -p**4/6 - p**3/6 + p**2 - 39*p. Calculate s(-3).
-13
Let q(s) = 30 + 3*s + 26 + 27 - s**3 - 87 + 7*s**2. Determine q(7).
17
Let t(h) be the second derivative of 2*h**3/3 + 3*h**2/2 + 42*h + 2. Determine t(-2).
-5
Suppose -37*g = -2*d - 40*g + 6, 4*d = -2*g + 12. Let j(z) = -z**3 + 5*z**2 - 4*z. Give j(d).
6
Suppose 49 - 12 = 5*f + 3*g, 2*f - 18 = -2*g. Let n(k) = 0 - 1 + 0 - f*k - 3*k. What is n(-1)?
7
Let c(q) be the second derivative of 0 + 6*q - 3/2*q**2 - 1/2*q**3. Determine c(-4).
9
Let y(p) be the second derivative of p**5/20 + 7*p**4/12 + p**3/6 + 5*p**2 + 48*p. Give y(-7).
3
Let z(v) = -v - 13. Suppose -134 - 208 = 57*w. Determine z(w).
-7
Let z be 22 + (0 - 3) + 3. Suppose 2*v - 2*r = -0*v + 16, -z = -5*v - 4*r. Let q(i) = -10*i - 9*i - 6*i**2 + 32*i + i**3 - 16*i + 8. What is q(v)?
-10
Let i = 1 + 4. Let y(u) = 2*u**2 + 23*u - 7. Let r be y(-12). Let j(n) = 7 + r*n - 4*n**3 + 3*n**3 - 24*n**2 + 28*n**2. Determine j(i).
7
Let n(i) = 4*i**2 - 4 + 2*i - 2 + 4 - i. Let f be (-2)/(-8) + (-38)/(-8). Let v = f - 7. What is n(v)?
12
Let x(v) = -4*v - 3 + 4*v**2 - 7*v - 3*v**2 + 12*v. Let q(d) = -d**2 - 9*d - 9. Let s be q(-6). Suppose -7 = 4*a + s. Calculate x(a).
9
Let u be 13/5 - 6/(-15). Let v(q) = -4*q - 3. Let b(x) = -18*x - 13. Let z(r) = -6*b(r) + 26*v(r). Calculate z(u).
12
Suppose -2*g + 17 - 11 = 0, -3*d = -g + 3. Let y(n) = -n**3 + 4. Give y(d).
4
Let w(o) = 6*o + 20. Let c(z) = -3*z - 5. Let u(v) = -5*c(v) - w(v). Determine u(0).
5
Let q(a) be the second derivative of -a**7/2520 + a**6/120 + a**5/24 + 7*a**4/12 - 4*a. Let i(r) be the third derivative of q(r). Calculate i(6).
5
Let s(h) be the second derivative of -h**3/2 - 8*h**2 - 7*h + 5. Give s(-6).
2
Let n(f) = -5*f**2 - f + 0*f - f + 3 - f**3. Let h be 1/(5 - 105/20). Give n(h).
-5
Let r be 4/(16/(-12)) + 4. Let u(o) = -o - 2. Let x(v) = 4*v + 7. Let y(t) = r*x(t) + 3*u(t). Determine y(7).
8
Let g(f) be the second derivative of -1/2*f**2 - f**3 + 0 - 11*f. Calculate g(1).
-7
Let h = -69 + 73. Let r(c) = -2 + h - c + 1 - 2. What is r(-4)?
5
Let h(o) be the second derivative of o**3/3 + 35*o**2/2 + 267*o. Give h(-15).
5
Let d(p) = -14 + 12 + 3*p + 3*p - 7*p. Give d(9).
-11
Let p(m) = -5*m - 5. Let q = -725 - -723. Calculate p(q).
5
Let b(n) = -9*n + 11. Let l(q) = -17*q + 21. Let u(c) = -11*b(c) + 6*l(c). Let y = -5077 + 5071. Give u(y).
23
Let a(r) = r**2 - 10*r + 16. Let w(y) = -y**2 + 22*y - 113. Let q be w(11). What is a(q)?
0
Let x = 3 + 0. Let o(z) = z + 3. Let f be o(x). Let n = f + -11. Let r(d) = d**2 + 5*d + 1. What is r(n)?
1
Let f(b) = -b - 1. Let g(d) = -2*d**2 - 3. Let c be ((-2)/(-3))/((-4)/6). Let m(x) = c*g(x) + 4*f(x). Let j be (-6)/((-78)/30 - (-9)/15). Determine m(j).
5
Suppose -151*y + 60 = -150*y. Let w(v) = -y - 3*v + 2*v + 61. Give w(4).
-3
Let t = 8 - 10. Let l(q) be the third derivative of -q**4/6 - q**3/2 + 21*q**2 + 2*q. Determine l(t).
5
Suppose -n - 4*n - 3*t = -12, -4 = -2*n - t. Let q(y) = -4*y**2 + n*y**2 - 505 + 506 + 2*y. Calculate q(-1).
-5
Let y(z) = 63*z + 311. Let u be y(-5). Let j(p) = 2*p**2 + 11*p + 8. Give j(u).
-4
Let a(i) be the second derivative of i**4/12 + i**3/3 - 3*i**2/2 + 3*i. Let y(u) = u**3 - 6*u**2 + 2*u - 11. Let n be y(6). Suppose 1 = p - n. What is a(p)?
5
Let x be 3 + 1*8/4. Suppose -x*q = 69 - 14. Let y = 6 + q. Let a(d) = d + 7. Determine a(y).
2
Let y(g) = 3*g - 4. Let d be y(-2). Let l(h) be the third derivative 